{"id":392,"date":"2012-02-22T15:22:05","date_gmt":"2012-02-22T15:22:05","guid":{"rendered":"http:\/\/www.ff-hinterberg.at\/cms\/?page_id=392"},"modified":"2021-11-12T09:07:32","modified_gmt":"2021-11-12T09:07:32","slug":"klf-a-kleinloschfahrzeug-mit-allradantrieb","status":"publish","type":"page","link":"https:\/\/www.ff-hinterberg.at\/?page_id=392","title":{"rendered":"KLFA-L"},"content":{"rendered":"<p><img loading=\"lazy\" decoding=\"async\" class=\"alignleft wp-image-14254 \" title=\"DSCN2458\" src=\"https:\/\/www.ff-hinterberg.at\/cms\/wp-content\/uploads\/2021\/02\/1-300x225.jpg\" alt=\"\" width=\"131\" height=\"98\" srcset=\"https:\/\/www.ff-hinterberg.at\/cms\/wp-content\/uploads\/2021\/02\/1-300x225.jpg 300w, https:\/\/www.ff-hinterberg.at\/cms\/wp-content\/uploads\/2021\/02\/1-1024x768.jpg 1024w, https:\/\/www.ff-hinterberg.at\/cms\/wp-content\/uploads\/2021\/02\/1-768x576.jpg 768w, https:\/\/www.ff-hinterberg.at\/cms\/wp-content\/uploads\/2021\/02\/1-1536x1152.jpg 1536w, https:\/\/www.ff-hinterberg.at\/cms\/wp-content\/uploads\/2021\/02\/1-2048x1536.jpg 2048w, https:\/\/www.ff-hinterberg.at\/cms\/wp-content\/uploads\/2021\/02\/1-136x102.jpg 136w\" sizes=\"auto, (max-width: 131px) 100vw, 131px\" \/><\/p>\n<p>Das Kleinl\u00f6schfahrzeug der FF Hinterberg ist ein L\u00f6schfahrzeug in Logistikausf\u00fchrung welches zur Herstellung einer L\u00f6schleitung im Brandfall und zur Abarbeitung Logistischer Aufgaben dient.<\/p>\n<p>&nbsp;<\/p>\n<p><strong>Funkruf:&nbsp;<\/strong>&nbsp; &nbsp; &nbsp; &nbsp; &nbsp; &nbsp; &nbsp; &nbsp; &nbsp; &nbsp; &nbsp; &nbsp; &nbsp; KLF Hinterberg<br \/><strong>Fahrgestell:&nbsp;<\/strong>&nbsp; &nbsp; &nbsp; &nbsp; &nbsp; &nbsp; &nbsp; &nbsp; &nbsp; &nbsp; &nbsp;Mercedes Benz 519 4&#215;4<br \/><strong>Aufbau:&nbsp;&nbsp;<\/strong>&nbsp; &nbsp; &nbsp; &nbsp; &nbsp; &nbsp; &nbsp; &nbsp; &nbsp; &nbsp; &nbsp; &nbsp; &nbsp; &nbsp;Rosenbauer<br \/><strong>Baujahr:&nbsp;<\/strong>&nbsp; &nbsp; &nbsp; &nbsp; &nbsp; &nbsp; &nbsp; &nbsp; &nbsp; &nbsp; &nbsp; &nbsp; &nbsp; &nbsp;2021<br \/><strong>Motor:<\/strong>&nbsp; &nbsp; &nbsp; &nbsp; &nbsp; &nbsp; &nbsp; &nbsp; &nbsp; &nbsp; &nbsp; &nbsp; &nbsp; &nbsp; &nbsp; &nbsp;Diesel<br \/><strong>Leistung:<\/strong>&nbsp; &nbsp; &nbsp; &nbsp; &nbsp; &nbsp; &nbsp; &nbsp; &nbsp; &nbsp; &nbsp; &nbsp; &nbsp; &nbsp;190 PS<br \/><strong>Verwendung:<\/strong>&nbsp; &nbsp; &nbsp; &nbsp; &nbsp; &nbsp; &nbsp; &nbsp; &nbsp; &nbsp;als Kleinl\u00f6schfahrzeug und Logistikfahrzeug<\/p>\n<p><strong>Ausr\u00fcstung:&nbsp;<\/strong> &nbsp;&nbsp;&nbsp;&nbsp;&nbsp;&nbsp;&nbsp;&nbsp;&nbsp;&nbsp;&nbsp;&nbsp;&nbsp;&nbsp;&nbsp;&nbsp;&nbsp;&nbsp;&nbsp;&nbsp; Absperrmaterial, Lotsenausr\u00fcstung, Fox 4 Pumpe, Schwimmsauger, L\u00f6schgruppenausr\u00fcstung, Notstromaggregat, Beleuchtungsmaterial, Div. Kabeltrommel, Schanzwerkzeug, Nasssauger, ATP 20 Hochleistungstauchpumpe, Tauchpumpe Mast 12, Tauchpumpe 400L\/min, 1000 Meter B-Schlauch, 2 Motors\u00e4gen, Forstrucksack mit Forstausr\u00fcstung, 4-Teilige Steckleiter div. Werkzeug, \u00d6lbindemittel, Streusalz, Gegensprechanlage, Umfeldbeleuchtung, \u2026<\/p>\n<p><strong>&nbsp;<\/strong><\/p>\n<h4 style=\"text-align: center;\">Allgemeine Fotos<\/h4>\n\n\nngg_shortcode_0_placeholder\n\n\n\n<p class=\"has-text-align-center\"><strong>Das KLF-A im Einsatz<\/strong><\/p>\n","protected":false},"excerpt":{"rendered":"<p>Das Kleinl\u00f6schfahrzeug der FF Hinterberg ist ein L\u00f6schfahrzeug in Logistikausf\u00fchrung welches zur Herstellung einer L\u00f6schleitung im Brandfall und zur Abarbeitung Logistischer Aufgaben dient. &nbsp; Funkruf:&nbsp;&nbsp; &nbsp; &nbsp; &nbsp; &nbsp; &nbsp; &nbsp; &nbsp; &nbsp; &nbsp; &nbsp; &nbsp; &nbsp; KLF HinterbergFahrgestell:&nbsp;&nbsp; &nbsp; &nbsp; &nbsp; &nbsp; &nbsp; &nbsp; &nbsp; &nbsp; &nbsp; &nbsp;Mercedes Benz 519 4&#215;4Aufbau:&nbsp;&nbsp;&nbsp; &nbsp; &nbsp; &nbsp; [&hellip;]<\/p>\n","protected":false},"author":1,"featured_media":0,"parent":386,"menu_order":2,"comment_status":"open","ping_status":"closed","template":"","meta":{"_mo_disable_npp":"","ngg_post_thumbnail":0,"footnotes":""},"class_list":["post-392","page","type-page","status-publish","hentry"],"_links":{"self":[{"href":"https:\/\/www.ff-hinterberg.at\/index.php?rest_route=\/wp\/v2\/pages\/392","targetHints":{"allow":["GET"]}}],"collection":[{"href":"https:\/\/www.ff-hinterberg.at\/index.php?rest_route=\/wp\/v2\/pages"}],"about":[{"href":"https:\/\/www.ff-hinterberg.at\/index.php?rest_route=\/wp\/v2\/types\/page"}],"author":[{"embeddable":true,"href":"https:\/\/www.ff-hinterberg.at\/index.php?rest_route=\/wp\/v2\/users\/1"}],"replies":[{"embeddable":true,"href":"https:\/\/www.ff-hinterberg.at\/index.php?rest_route=%2Fwp%2Fv2%2Fcomments&post=392"}],"version-history":[{"count":18,"href":"https:\/\/www.ff-hinterberg.at\/index.php?rest_route=\/wp\/v2\/pages\/392\/revisions"}],"predecessor-version":[{"id":15003,"href":"https:\/\/www.ff-hinterberg.at\/index.php?rest_route=\/wp\/v2\/pages\/392\/revisions\/15003"}],"up":[{"embeddable":true,"href":"https:\/\/www.ff-hinterberg.at\/index.php?rest_route=\/wp\/v2\/pages\/386"}],"wp:attachment":[{"href":"https:\/\/www.ff-hinterberg.at\/index.php?rest_route=%2Fwp%2Fv2%2Fmedia&parent=392"}],"curies":[{"name":"wp","href":"https:\/\/api.w.org\/{rel}","templated":true}]}}